ivided by (-1136520)/(-5355) - (-4)/(-17)?
170
Let w be 0*2/4 - (45 - 49). Suppose 0 = l - 5*g + 10, -w*l - 3*g - g + 32 = 0. What is the remainder when 132 is divided by l?
2
Suppose 41*n + 26280 = 113*n + 108*n. Calculate the remainder when 1747 is divided by n.
141
Let h(a) = -6*a**2 - 10*a - 11. Let o be h(-5). Let t be (1 + -2)*(-4)/(-12)*o. Let i = 57 - t. Calculate the remainder when 139 is divided by i.
19
Suppose -19*n - 3*l - 336 = -22*n, 3*l - 234 = -2*n. What is the remainder when 498 is divided by n?
42
Let j(x) = 638*x**2 + 106*x - 107. Calculate the remainder when j(1) is divided by 41.
22
Suppose -12*y - 206 = -10*y. Let a = 93 + y. Calculate the remainder when 90 is divided by 5360/200 - 2/a.
9
Let x(k) = 150*k**3 + k - 1. Suppose -2288*c = -7032 - 75209 + 9117 - 16108. Calculate the remainder when x(1) is divided by c.
33
Let d = 22287 - 22243. Calculate the remainder when 223 is divided by d.
3
Let m(n) = 119*n**2 + 6*n - 9. Let r be m(2). Let t = r + -331. Let g = 41 + -16. What is the remainder when t is divided by g?
23
Let k = 9 - -11. Let j = -240 - -240. Let p(t) = -7*t + 76. What is the remainder when p(j) is divided by k?
16
Let y(c) = c**2 - 9*c + 3. Let l be y(6). Let h be (-1)/(-3) - 100/l. Let k = 27 - h. What is the remainder when 57 is divided by k?
17
Suppose 2*z - 14*h + 17*h - 1307 = 0, 0 = -3*z - 2*h + 1963. What is the remainder when z is divided by 6?
1
Suppose -v = -2*v + 26. Suppose 5*u + 3*b = 63, 41*u = 38*u - b + 33. What is the remainder when v is divided by u?
8
Let a(o) = -413*o + 113. What is the remainder when a(-6) is divided by 63?
8
Suppose -13*t = -4*w - 8*t + 168, 5*w - t = 189. Let v(a) = -5*a**3 - 3*a**2 - 2. What is the remainder when v(-3) is divided by w?
32
Calculate the remainder when 1016 is divided by (-64)/32*(-1 - (-355)/(-10)).
67
Calculate the remainder when -17 - -19 - (-397 + (1 - 5) + 2) is divided by 86.
57
Let i be 3*(750/18 - 0). Calculate the remainder when 263 is divided by 5865/i - 16/(-200).
28
What is the remainder when 8/((-288)/27) - (10902/(-8) + 0) is divided by 57?
51
Suppose -3*z = -4*o + 177, 0 = -o - 13*z + 15*z + 53. Calculate the remainder when o is divided by (-40)/(-6) + (-2)/(-6).
4
Let b(k) = 81*k**2 + 93*k + 22. Calculate the remainder when b(9) is divided by 30.
10
Suppose 125*a - 123*a = 700. Let f = 423 - a. Calculate the remainder when f is divided by 19.
16
Suppose 23*o - 319 = 1613. Suppose 2*t - o + 20 = -2*l, 3*l = 2*t - 64. What is the remainder when t is divided by 17?
15
Let d = 51 - 48. Suppose -4*j = 12*u - 9*u - 40, j = d*u - 20. What is the remainder when 19 is divided by u?
3
Let s = 3 + 1. Let u be (1 - 3)/(1/(-16)). Suppose -4*n + s = -u. Calculate the remainder when 17 is divided by n.
8
Calculate the remainder when 567 is divided by ((-39)/26 + 2)*(-784)/(-2).
175
What is the remainder when 3581 is divided by (-10)/((-1690)/24141) + -15 - (-4)/26?
125
Suppose 0*x - 5*x - 4*h + 40 = 0, 5*h - 41 = -4*x. Let m(u) = -2*u**2 + 3 - u**3 + 6*u - 4*u - x*u. Calculate the remainder when 52 is divided by m(-3).
16
Suppose -2732 = -4*w - 4*p, 3*w - 2035 = 14*p - 15*p. Calculate the remainder when w is divided by 8.
4
Suppose 4*g - 4*x = 1012, 3*g = -5*x + 640 + 79. Suppose -115*i + 123*i = g. Calculate the remainder when 91 is divided by i.
29
Suppose 3*u - 12 = 0, 2*r - 80 = -13*u + 10*u. Calculate the remainder when (-102)/r - 140/(-2) is divided by 29.
9
Suppose -3*m = -4*m + 25. Let r = -19 + m. What is the remainder when (1 - 0) + (12 - -9) is divided by r?
4
Suppose -2*r = 5*x - 49, -5*r + 27 = -4*r + 3*x. What is the remainder when 778 is divided by ((-8)/28)/(r/(-798))?
18
Suppose 991 = 27*i - 2519. Calculate the remainder when i is divided by 9.
4
Suppose -59*r + 640 + 160 = -27*r. Calculate the remainder when 558 is divided by r.
8
Let d = 7081 + -6815. Calculate the remainder when d is divided by 199.
67
Suppose -2*m - 3 + 27 = 0. Let c = 48 + -45. Suppose 35*y = -c*y + 3610. What is the remainder when y is divided by m?
11
Suppose 13*s + 495 = 4*g - 363, 4*s = 3*g - 632. Calculate the remainder when g is divided by 100.
8
Suppose -3*a = 226 + 104. Let f = 1174 - 1058. Let h = f + a. What is the remainder when 50 is divided by h?
2
Let h(p) = -4*p**3 - 41*p**2 + 37*p - 35. Calculate the remainder when h(-14) is divided by 17.
7
Suppose -5*v + 103 - 83 = 0. Suppose -v*m + 118 - 58 = 0. Calculate the remainder when 148 is divided by m.
13
Let l be (255/(-12))/(10/(-240)). Let a = -499 + l. Calculate the remainder when 15 is divided by a.
4
Let a(l) = l**2 - 9*l - 1. Let n be a(15). Let h = -73 + n. Suppose 0 = x - 2*z - 41, x - 2*x + 47 = z. What is the remainder when x is divided by h?
13
Let v = -183 + 215. Let n be (-29)/((2 + -3)*1). Suppose v*a + n = 33*a. What is the remainder when 142 is divided by a?
26
Let d = -14781 + 14899. Calculate the remainder when 242 is divided by d.
6
Let p = 91 + -95. Let z be (-79)/(-2) + 27/(-18). Let x = p + z. What is the remainder when x is divided by 7?
6
Suppose 4*g - 4*h + 21 = 57, 2*g + 4*h = 0. Suppose 5*a - g = 109. Suppose 24 = -3*r + 36. Calculate the remainder when a is divided by r.
3
Let f be 4/7 - 6/28*26. Let s be 1*1/(-3)*3. What is the remainder when 66 is divided by 0 - (f + 28)*s?
20
Suppose 3*a - 210 = -5*t - 27, 0 = a - 6. What is the remainder when 9404 is divided by t?
32
Let d(c) = 2*c**2 + 2*c + 111. Suppose m - 9 = 8*k - 4*k, -2*m + 7 = 3*k. Calculate the remainder when d(0) is divided by k/(-5) - (-564)/30.
16
Let q = 16505 + -4167. Calculate the remainder when q is divided by 27.
26
Let f = -37 - -44. Suppose 13 = -f*a + 321. What is the remainder when a is divided by 15?
14
Let p = 61 + -57. Suppose -p*h + 43 = 15. Suppose 12 = h*l - 2. What is the remainder when l is divided by 2?
0
Let b(o) = 29*o**2 - 2*o - 12. Let g(l) = 29*l**2 - l - 11. Let t(q) = 6*b(q) - 5*g(q). Calculate the remainder when t(-2) is divided by 33.
14
Let i(u) = 22 + 6*u**2 - 24 + 96 - u. Calculate the remainder when i(0) is divided by 24.
22
Suppose -2*j = -5*y - 51, 2*j + 5*y - 2 = -1. Suppose 2 - 1 = i, 41 = f + 4*i. Let p = f - -1. Calculate the remainder when p is divided by j.
12
Suppose 0 = -634*b + 42385 + 37499. What is the remainder when 937 is divided by b?
55
Let a(z) = 6*z**2 - 416*z - 1712. Let f = 213 + -118. Calculate the remainder when f is divided by a(-4).
47
Suppose -10*d + 2*d - 376 = 0. Let m be (-927)/6*(-4)/6. Let v = m + d. What is the remainder when v is divided by 29?
27
Let k = 4779 - 4680. What is the remainder when 1876 is divided by k?
94
Suppose 5*i = 5*h - 340, -4*i - 157 = -5*h + 186. What is the remainder when 554 is divided by h?
57
Let t = 33 - 30. Suppose 5*r - 6*w - 13 = -t*w, 0 = 2*r - 5*w + 10. Calculate the remainder when 136 is divided by r.
1
Let w = -24 + 27. Suppose 0 = 3*v + w*x - 51, 14*v + 53 = 19*v - 3*x. What is the remainder when 59 is divided by v?
7
Let y(g) = -18*g - 158. Let i be y(-9). Suppose a - 4*a + 30 = 4*r, -i*r = -4*a + 68. Calculate the remainder when 77 is divided by a.
7
Let x(c) = c**3 + 10*c**2 - 12*c - 47. Let p = -16 - -6. Calculate the remainder when x(p) is divided by 19.
16
What is the remainder when 803 is divided by (-1*141)/(4 + (7 - 7 - 5))?
98
Suppose -178*s - 128*s + 67*s + 367582 = 0. What is the remainder when s is divided by 153?
8
Suppose -4*y + 16 = 0, 4*n - 732 = -918*y + 919*y. Calculate the remainder when n is divided by 15.
4
Let p = 13168 - 13152. What is the remainder when 2299 is divided by p?
11
Let p = -215 - -217. Suppose 4*z = 4, 2*z = 3*r - p*r - 11. Calculate the remainder when 63 is divided by r.
11
Let p be 4/32 - 45/(-24). Suppose 0 = -n + 3*n + x + 14, 0 = -5*n - p*x - 33. What is the remainder when 61 is divided by (-94)/(-10) + n/((-50)/(-4))?
7
Let h(y) = -13*y - 24. What is the remainder when h(-7) is divided by ((-159)/12 + 15)/((-1)/(-4))?
4
Let z = -43 - -76. Let u(d) = -d**3 + 9*d - 32. Let s = 213 - 219. What is the remainder when u(s) is divided by z?
31
Suppose 2*f + 10*z + 112 = 15*z, 168 = -4*f - 4*z. Calculate the remainder when f/276 + 1430/12 is divided by 15.
14
Let v(g) = 3*g**2 + 42*g + 11. Let w be ((-112)/2)/(-4)*-1. Suppose -2*u = 3*t - 117, 5*u = t - 3 - 19. Calculat